{"id":103,"date":"2016-02-27T18:59:12","date_gmt":"2016-02-27T17:59:12","guid":{"rendered":"http:\/\/www.duecelli.com\/8celli\/?page_id=103"},"modified":"2019-12-06T17:06:20","modified_gmt":"2019-12-06T16:06:20","slug":"uriel-stuelpnagel-stuttgart","status":"publish","type":"page","link":"https:\/\/www.duecelli.com\/8celli\/uriel-stuelpnagel-stuttgart\/","title":{"rendered":"Uriel St\u00fclpnagel, Stuttgart"},"content":{"rendered":"<p><img loading=\"lazy\" decoding=\"async\" class=\"alignnone size-medium wp-image-286\" src=\"https:\/\/www.duecelli.com\/8celli\/wp-content\/uploads\/2019\/12\/5DM32507-SW-500-300x200.jpg\" alt=\"\" width=\"300\" height=\"200\" srcset=\"https:\/\/www.duecelli.com\/8celli\/wp-content\/uploads\/2019\/12\/5DM32507-SW-500-300x200.jpg 300w, https:\/\/www.duecelli.com\/8celli\/wp-content\/uploads\/2019\/12\/5DM32507-SW-500.jpg 500w\" sizes=\"auto, (max-width: 300px) 100vw, 300px\" \/><\/p>\n<p>Uriel St\u00fclpnagel studierte an der Stuttgarter Musikhochschule bei Prof. W. Taube und dem Melos Quartett.<br \/>\nNach seinem Orchester- und Musiklehrerdiplom absolvierte er die K\u00fcnstlerische Ausbildung an der Mannheimer Musikhochschule bei Prof. R. Korupp. Nebenbei studierte er bei Prof. E. Isakatze \/Tiflis und besuchte Meisterkurse, unter anderem bei U. Wiesel \/ Sidney.<br \/>\nUriel St\u00fclpnagel hat an Einspielungen f\u00fcr den SWR und den Bayrischen Rundfunk mitgewirkt, und war von 2002 bis 2004 im Orchester des Musicals \u201ePhantom der Oper\u201c engagiert.<br \/>\nEr ist Mitglied im Ensemble WORTON, im <em>Ensemble DueCelli<\/em>, im <em>Trio Consenso<\/em> sowie im Ensemble f\u00fcr Alte Musik, mit denen er zahlreiche Konzerte im In- und Ausland gegeben hat und spielt immer wieder in Orchestern S\u00fcddeutschlands wie z. B. im German Pop Orchestra, den Heilbronnern Philharmonikern, Musica Viva oder der Baden-Badner Philharmonie.<br \/>\nAls P\u00e4dagoge leitet Uriel St\u00fclpnagel mehrere Celloklassen in der Region Stuttgart, ist als Juror bei Jugend Musiziert t\u00e4tig, ein gefragter Dozent von Jugendorchestern wie der Junge Philharmonie<br \/>\nOstw\u00fcrttemberg oder dem Kreisjugendorchester Taubertal und ist Initiator von Cellokursen. Seine Sch\u00fcler sind Preistr\u00e4ger von Jugendwettbewerben.<br \/>\n<a href=\"http:\/\/www.duecelli.de\" target=\"_blank\" rel=\"noopener\">www.duecelli.de<\/a><\/p>\n","protected":false},"excerpt":{"rendered":"<p>Uriel St\u00fclpnagel studierte an der Stuttgarter Musikhochschule bei Prof. W. Taube und dem Melos Quartett. Nach seinem Orchester- und Musiklehrerdiplom absolvierte er die K\u00fcnstlerische Ausbildung an der Mannheimer Musikhochschule bei Prof. R. Korupp. Nebenbei studierte er bei Prof. E. Isakatze \/Tiflis und besuchte Meisterkurse, unter anderem bei U. Wiesel \/ Sidney. Uriel St\u00fclpnagel hat an [&hellip;]<\/p>\n","protected":false},"author":1,"featured_media":0,"parent":0,"menu_order":0,"comment_status":"closed","ping_status":"closed","template":"","meta":{"footnotes":""},"class_list":["post-103","page","type-page","status-publish","czr-hentry"],"_links":{"self":[{"href":"https:\/\/www.duecelli.com\/8celli\/wp-json\/wp\/v2\/pages\/103","targetHints":{"allow":["GET"]}}],"collection":[{"href":"https:\/\/www.duecelli.com\/8celli\/wp-json\/wp\/v2\/pages"}],"about":[{"href":"https:\/\/www.duecelli.com\/8celli\/wp-json\/wp\/v2\/types\/page"}],"author":[{"embeddable":true,"href":"https:\/\/www.duecelli.com\/8celli\/wp-json\/wp\/v2\/users\/1"}],"replies":[{"embeddable":true,"href":"https:\/\/www.duecelli.com\/8celli\/wp-json\/wp\/v2\/comments?post=103"}],"version-history":[{"count":5,"href":"https:\/\/www.duecelli.com\/8celli\/wp-json\/wp\/v2\/pages\/103\/revisions"}],"predecessor-version":[{"id":288,"href":"https:\/\/www.duecelli.com\/8celli\/wp-json\/wp\/v2\/pages\/103\/revisions\/288"}],"wp:attachment":[{"href":"https:\/\/www.duecelli.com\/8celli\/wp-json\/wp\/v2\/media?parent=103"}],"curies":[{"name":"wp","href":"https:\/\/api.w.org\/{rel}","templated":true}]}}