{"id":29,"date":"2016-02-23T23:36:47","date_gmt":"2016-02-23T22:36:47","guid":{"rendered":"http:\/\/www.duecelli.com\/8celli\/?page_id=29"},"modified":"2020-01-02T21:54:26","modified_gmt":"2020-01-02T20:54:26","slug":"termine","status":"publish","type":"page","link":"https:\/\/www.duecelli.com\/8celli\/termine\/","title":{"rendered":"Termine"},"content":{"rendered":"<p><img loading=\"lazy\" decoding=\"async\" class=\"alignnone  wp-image-326\" src=\"https:\/\/www.duecelli.com\/8celli\/wp-content\/uploads\/2020\/01\/10008Celli-11-19-116-300x200.jpg\" alt=\"\" width=\"290\" height=\"193\" srcset=\"https:\/\/www.duecelli.com\/8celli\/wp-content\/uploads\/2020\/01\/10008Celli-11-19-116-300x200.jpg 300w, https:\/\/www.duecelli.com\/8celli\/wp-content\/uploads\/2020\/01\/10008Celli-11-19-116-768x512.jpg 768w, https:\/\/www.duecelli.com\/8celli\/wp-content\/uploads\/2020\/01\/10008Celli-11-19-116.jpg 1000w\" sizes=\"auto, (max-width: 290px) 100vw, 290px\" \/><img loading=\"lazy\" decoding=\"async\" class=\"alignnone  wp-image-325\" src=\"https:\/\/www.duecelli.com\/8celli\/wp-content\/uploads\/2020\/01\/1000-8Celli-11-19-124-300x200.jpg\" alt=\"\" width=\"290\" height=\"193\" srcset=\"https:\/\/www.duecelli.com\/8celli\/wp-content\/uploads\/2020\/01\/1000-8Celli-11-19-124-300x200.jpg 300w, https:\/\/www.duecelli.com\/8celli\/wp-content\/uploads\/2020\/01\/1000-8Celli-11-19-124-768x512.jpg 768w, https:\/\/www.duecelli.com\/8celli\/wp-content\/uploads\/2020\/01\/1000-8Celli-11-19-124.jpg 1000w\" sizes=\"auto, (max-width: 290px) 100vw, 290px\" \/><\/p>\n<h1 class=\"wr_eventdetails_title\">Ensemble 8Celli l\u00e4d ein:<\/h1>\n\n<p class=\"gigpress-empty\">Im Moment kein neues Konzert<\/p><!-- Generated by GigPress 2.3.26 -->\n\t\n<hr \/>\n<h1 class=\"wr_eventdetails_title\"><span style=\"color: #999999;\">Archiv<\/span><\/h1>\n<h3 class=\"wr_eventdetails_title\"><span style=\"color: #999999;\">\n<div class=\"gigpress-menu-container\">\n\t\t<select name=\"gigpress_menu\" class=\"gigpress_menu\" id=\"gigpress_menu\">\n\t\t\t<option value=\"https:\/\/www.duecelli.com\/8celli\/termine\/?\">Monat ausw\u00e4hlen<\/option>\n\t\t\t\t\t\t\t\t\t\t\t<option value=\"https:\/\/www.duecelli.com\/8celli\/termine\/?gpy=2024&amp;gpm=12\">\n\t\t\t\t\tDezember 2024\t\t\t\t\t\t\t\t\t<\/option>\n\t\t\t\t\t\t\t\t\t\t\t<option value=\"https:\/\/www.duecelli.com\/8celli\/termine\/?gpy=2024&amp;gpm=11\">\n\t\t\t\t\tNovember 2024\t\t\t\t\t\t\t\t\t<\/option>\n\t\t\t\t\t\t\t\t\t\t\t<option value=\"https:\/\/www.duecelli.com\/8celli\/termine\/?gpy=2023&amp;gpm=4\">\n\t\t\t\t\tApril 2023\t\t\t\t\t\t\t\t\t<\/option>\n\t\t\t\t\t\t\t\t\t\t\t<option value=\"https:\/\/www.duecelli.com\/8celli\/termine\/?gpy=2022&amp;gpm=12\">\n\t\t\t\t\tDezember 2022\t\t\t\t\t\t\t\t\t<\/option>\n\t\t\t\t\t\t\t\t\t\t\t<option value=\"https:\/\/www.duecelli.com\/8celli\/termine\/?gpy=2022&amp;gpm=5\">\n\t\t\t\t\tMai 2022\t\t\t\t\t\t\t\t\t<\/option>\n\t\t\t\t\t\t\t\t\t\t\t<option value=\"https:\/\/www.duecelli.com\/8celli\/termine\/?gpy=2022&amp;gpm=4\">\n\t\t\t\t\tApril 2022\t\t\t\t\t\t\t\t\t<\/option>\n\t\t\t\t\t\t\t\t\t\t\t<option value=\"https:\/\/www.duecelli.com\/8celli\/termine\/?gpy=2022&amp;gpm=3\">\n\t\t\t\t\tM\u00e4rz 2022\t\t\t\t\t\t\t\t\t<\/option>\n\t\t\t\t\t\t\t\t\t\t\t<option value=\"https:\/\/www.duecelli.com\/8celli\/termine\/?gpy=2021&amp;gpm=3\">\n\t\t\t\t\tM\u00e4rz 2021\t\t\t\t\t\t\t\t\t<\/option>\n\t\t\t\t\t\t\t\t\t\t\t<option value=\"https:\/\/www.duecelli.com\/8celli\/termine\/?gpy=2020&amp;gpm=12\">\n\t\t\t\t\tDezember 2020\t\t\t\t\t\t\t\t\t<\/option>\n\t\t\t\t\t<\/select>\n\n\t\n<\/div>\n<p class=\"gigpress-empty\">No shows in the archive yet.<\/p><!-- Generated by GigPress 2.3.26 -->\n\t<\/span><\/h3>\n<p><span style=\"color: #999999;\"><strong>Samstag, 23. November 2019, 20 Uhr, Wilhelma-Theater Stuttgart<\/strong><\/span><\/p>\n<p><span style=\"color: #999999;\"><strong>Sonntag, 24. November 2019, 17 Uhr , Wilhelma-Theater Stuttgart<\/strong><\/span><\/p>\n<h1 class=\"wr_eventdetails_title\"><span style=\"color: #999999;\">8Celli &#8211; das\u00a0Galakonzert<\/span><\/h1>\n<p><span style=\"color: #999999;\">Feiern Sie mit uns wieder ein Cellofest: Das Gala-Konzert voller musikalischer K\u00f6stlichkeiten und mit dem satten und sinnlichen Klang der 8 Celli im wundersch\u00f6nen Wilhelma Theater Stuttgart &#8211; ein Erlebnis f\u00fcr alle Zuh\u00f6rer: f\u00fcr jeden ist was dabei &#8211; f\u00fcr alle Generationen.<\/span><\/p>\n<div class=\"wr_eventdetails_desc\">\n<p class=\"bodytext\"><span style=\"color: #999999;\"><a style=\"color: #999999;\" href=\"https:\/\/shop.reservix.de\/off\/login_check.php?vID=4344&amp;id=c6c8be27c3c51c954c046749075b6b2ff4efd1ade10cf5784a5afa2abd8104e2ee87889e14cc8fb7ae2afaeedc43260a&amp;eventGrpID=310616\" target=\"_blank\" rel=\"noopener noreferrer\">Jetzt Tickets von 11,65 EUR bis 28,15 EUR und Erm\u00e4\u00dfigungen sichern!<\/a><\/span><\/p>\n<\/div>\n<p><span style=\"color: #999999;\"><img loading=\"lazy\" decoding=\"async\" class=\"alignnone size-medium wp-image-273\" src=\"https:\/\/www.duecelli.com\/8celli\/wp-content\/uploads\/2019\/06\/qr-code-kl-300x300.png\" alt=\"\" width=\"300\" height=\"300\" srcset=\"https:\/\/www.duecelli.com\/8celli\/wp-content\/uploads\/2019\/06\/qr-code-kl-300x300.png 300w, https:\/\/www.duecelli.com\/8celli\/wp-content\/uploads\/2019\/06\/qr-code-kl-150x150.png 150w, https:\/\/www.duecelli.com\/8celli\/wp-content\/uploads\/2019\/06\/qr-code-kl-768x768.png 768w, https:\/\/www.duecelli.com\/8celli\/wp-content\/uploads\/2019\/06\/qr-code-kl-1024x1024.png 1024w, https:\/\/www.duecelli.com\/8celli\/wp-content\/uploads\/2019\/06\/qr-code-kl.png 1095w\" sizes=\"auto, (max-width: 300px) 100vw, 300px\" \/><\/span><\/p>\n<p><span style=\"color: #999999;\">Anmerkung:<\/span><\/p>\n<h4><span style=\"color: #999999;\"><strong>\u00dcber Reservix k\u00f6nnen keine Erm\u00e4\u00dfigungen gebucht werden.<\/strong><\/span><\/h4>\n<h4><span style=\"color: #999999;\"><strong>Bitte reservieren Sie in diesem Fall mit dem n\u00f6tigen Nachweis direkt \u00fcber das Wilhelma-Theater:<\/strong><\/span><\/h4>\n<p><span style=\"color: #999999;\">Wilhelma Theater \u2013 Vorverkauf<\/span><br \/>\n<span style=\"color: #999999;\">Neckartalstra\u00dfe 9<\/span><br \/>\n<span style=\"color: #999999;\">70376 Stuttgart<\/span><br \/>\n<span style=\"color: #999999;\">Tel.: 0711 \/ 95488495<\/span><br \/>\n<span style=\"color: #999999;\">vorverkauf(at)wilhelma-theater(dot)de<\/span><\/p>\n<p><span class=\"copycode\" style=\"color: #999999;\"><figure class=\"wp-block-embed wp-block-embed-youtube is-type-video is-provider-youtube epyt-figure\"><div class=\"wp-block-embed__wrapper\"><iframe loading=\"lazy\"  id=\"_ytid_67046\"  width=\"1140\" height=\"641\"  data-origwidth=\"1140\" data-origheight=\"641\" src=\"https:\/\/www.youtube.com\/embed\/FeVQEv2boGA?enablejsapi=1&autoplay=0&cc_load_policy=0&cc_lang_pref=&iv_load_policy=1&loop=0&rel=0&fs=1&playsinline=0&autohide=2&theme=dark&color=red&controls=1&disablekb=0&\" class=\"__youtube_prefs__  no-lazyload\" title=\"YouTube player\"  allow=\"fullscreen; accelerometer; autoplay; clipboard-write; encrypted-media; gyroscope; picture-in-picture; web-share\" referrerpolicy=\"strict-origin-when-cross-origin\" allowfullscreen data-no-lazy=\"1\" data-skipgform_ajax_framebjll=\"\"><\/iframe><\/div><\/figure><\/span><\/p>\n<h2><span style=\"color: #999999;\"><strong>Mit freundlicher Unterst\u00fctzung von:<\/strong><\/span><\/h2>\n<p><span style=\"color: #999999;\"><a style=\"color: #999999;\" href=\"https:\/\/hummel-systemhaus.de\/\" target=\"_blank\" rel=\"noopener noreferrer\"><img loading=\"lazy\" decoding=\"async\" class=\"alignnone size-medium wp-image-245\" src=\"http:\/\/www.duecelli.com\/8celli\/wp-content\/uploads\/2016\/02\/hummel-systemhaus-logo-CMYK-250-breit-300x102.jpg\" alt=\"\" width=\"300\" height=\"102\" srcset=\"https:\/\/www.duecelli.com\/8celli\/wp-content\/uploads\/2016\/02\/hummel-systemhaus-logo-CMYK-250-breit-300x102.jpg 300w, https:\/\/www.duecelli.com\/8celli\/wp-content\/uploads\/2016\/02\/hummel-systemhaus-logo-CMYK-250-breit.jpg 400w\" sizes=\"auto, (max-width: 300px) 100vw, 300px\" \/><\/a><\/span><\/p>\n<p><span style=\"color: #999999;\"><a style=\"color: #999999;\" href=\"http:\/\/klassikweltshop.de\/\" target=\"_blank\" rel=\"noopener noreferrer\"><img loading=\"lazy\" decoding=\"async\" class=\"alignnone size-medium wp-image-246\" src=\"http:\/\/www.duecelli.com\/8celli\/wp-content\/uploads\/2016\/02\/KWS_Logo_k-300x193.jpg\" alt=\"\" width=\"300\" height=\"193\" srcset=\"https:\/\/www.duecelli.com\/8celli\/wp-content\/uploads\/2016\/02\/KWS_Logo_k-300x193.jpg 300w, https:\/\/www.duecelli.com\/8celli\/wp-content\/uploads\/2016\/02\/KWS_Logo_k.jpg 550w\" sizes=\"auto, (max-width: 300px) 100vw, 300px\" \/><\/a><\/span><\/p>\n<hr \/>\n<p><span style=\"color: #999999;\">&#8212;&#8212;&#8212;&#8212;&#8212;&#8212;&#8212;&#8212;&#8212;&#8212;&#8212;&#8212;&#8212;&#8212;&#8212;&#8212;&#8212;&#8212;&#8212;&#8212;&#8212;&#8212;&#8212;&#8212;&#8212;&#8212;&#8212;&#8212;&#8212;<\/span><\/p>\n<p><span style=\"color: #999999;\"><img loading=\"lazy\" decoding=\"async\" class=\"alignnone size-medium wp-image-45\" src=\"http:\/\/www.duecelli.com\/8celli\/wp-content\/uploads\/2016\/02\/5DM32127-SW-e1457897700356-300x106.jpg\" alt=\"5DM32127-SW\" width=\"300\" height=\"106\" srcset=\"https:\/\/www.duecelli.com\/8celli\/wp-content\/uploads\/2016\/02\/5DM32127-SW-e1457897700356-300x106.jpg 300w, https:\/\/www.duecelli.com\/8celli\/wp-content\/uploads\/2016\/02\/5DM32127-SW-e1457897700356-768x272.jpg 768w, https:\/\/www.duecelli.com\/8celli\/wp-content\/uploads\/2016\/02\/5DM32127-SW-e1457897700356-1024x363.jpg 1024w\" sizes=\"auto, (max-width: 300px) 100vw, 300px\" \/><\/span><\/p>\n<p><span style=\"color: #999999;\"><strong>18. Februar 2017, 20 Uhr, Wilhelma-Theater Stuttgart<\/strong><\/span><\/p>\n<h1 class=\"wr_eventdetails_title\"><span style=\"color: #999999;\">8Celli &#8211; das Premierenkonzert<\/span><\/h1>\n<div class=\"wr_eventdetails_desc\">\n<p class=\"bodytext\"><span style=\"color: #999999;\"><a style=\"color: #999999;\" href=\"http:\/\/shop.reservix.de\/off\/login_check.php?id=c6ec16e8cf3cd5077514ebef590a1f763d4616b372ef8900411779bf6bedf213&amp;eventGrpID=214229&amp;eventID=915910\" target=\"_blank\" rel=\"noopener noreferrer\">Jetzt Tickets von 11,65 EUR bis 28,15 EUR und Erm\u00e4\u00dfigungen sichern!<\/a><\/span><\/p>\n<p class=\"bodytext\"><span style=\"color: #999999;\"><a style=\"color: #999999;\" href=\"https:\/\/www.google.de\/maps\/place\/Wilhelma+Theater\/@48.805288,9.2072303,17z\/data=!3m1!4b1!4m5!3m4!1s0x4799c53b38d6b33b:0x6995f052b87d0e3a!8m2!3d48.805288!4d9.209419\" target=\"_blank\" rel=\"noopener noreferrer\">Routenplaner.<\/a><\/span><\/p>\n<\/div>\n<p><span style=\"color: #999999;\">Anmerkung:<\/span><\/p>\n<h4><span style=\"color: #999999;\"><strong>\u00dcber Reservix k\u00f6nnen keine Erm\u00e4\u00dfigungen gebucht werden.<\/strong><\/span><\/h4>\n<h4><span style=\"color: #999999;\"><strong>Bitte reservieren Sie in diesem Fall mit dem n\u00f6tigen Nachweis direkt \u00fcber das Wilhelma-Theater:<\/strong><\/span><\/h4>\n<p><span style=\"color: #999999;\">Wilhelma Theater \u2013 Vorverkauf<\/span><br \/>\n<span style=\"color: #999999;\">Neckartalstra\u00dfe 9<\/span><br \/>\n<span style=\"color: #999999;\">70376 Stuttgart<\/span><br \/>\n<span style=\"color: #999999;\">Tel.: 0711 \/ 95488495<\/span><br \/>\n<span style=\"color: #999999;\">vorverkauf(at)wilhelma-theater(dot)de<\/span><\/p>\n","protected":false},"excerpt":{"rendered":"<p>Ensemble 8Celli l\u00e4d ein: Archiv Samstag, 23. November 2019, 20 Uhr, Wilhelma-Theater Stuttgart Sonntag, 24. November 2019, 17 Uhr , Wilhelma-Theater Stuttgart 8Celli &#8211; das\u00a0Galakonzert Feiern Sie mit uns wieder ein Cellofest: Das Gala-Konzert voller musikalischer K\u00f6stlichkeiten und mit dem satten und sinnlichen Klang der 8 Celli im wundersch\u00f6nen Wilhelma Theater Stuttgart &#8211; ein Erlebnis [&hellip;]<\/p>\n","protected":false},"author":1,"featured_media":38,"parent":0,"menu_order":0,"comment_status":"closed","ping_status":"closed","template":"","meta":{"footnotes":""},"class_list":["post-29","page","type-page","status-publish","has-post-thumbnail","czr-hentry"],"_links":{"self":[{"href":"https:\/\/www.duecelli.com\/8celli\/wp-json\/wp\/v2\/pages\/29","targetHints":{"allow":["GET"]}}],"collection":[{"href":"https:\/\/www.duecelli.com\/8celli\/wp-json\/wp\/v2\/pages"}],"about":[{"href":"https:\/\/www.duecelli.com\/8celli\/wp-json\/wp\/v2\/types\/page"}],"author":[{"embeddable":true,"href":"https:\/\/www.duecelli.com\/8celli\/wp-json\/wp\/v2\/users\/1"}],"replies":[{"embeddable":true,"href":"https:\/\/www.duecelli.com\/8celli\/wp-json\/wp\/v2\/comments?post=29"}],"version-history":[{"count":25,"href":"https:\/\/www.duecelli.com\/8celli\/wp-json\/wp\/v2\/pages\/29\/revisions"}],"predecessor-version":[{"id":331,"href":"https:\/\/www.duecelli.com\/8celli\/wp-json\/wp\/v2\/pages\/29\/revisions\/331"}],"wp:featuredmedia":[{"embeddable":true,"href":"https:\/\/www.duecelli.com\/8celli\/wp-json\/wp\/v2\/media\/38"}],"wp:attachment":[{"href":"https:\/\/www.duecelli.com\/8celli\/wp-json\/wp\/v2\/media?parent=29"}],"curies":[{"name":"wp","href":"https:\/\/api.w.org\/{rel}","templated":true}]}}