{"id":349,"date":"2020-10-25T23:07:11","date_gmt":"2020-10-25T22:07:11","guid":{"rendered":"https:\/\/www.duecelli.com\/8celli\/?page_id=349"},"modified":"2023-03-23T09:37:45","modified_gmt":"2023-03-23T08:37:45","slug":"izumi-fujii-japan","status":"publish","type":"page","link":"https:\/\/www.duecelli.com\/8celli\/izumi-fujii-japan\/","title":{"rendered":"Izumi Fujii, Stuttgart \/ Japan"},"content":{"rendered":"<div class=\"wp-block-image\">\n<figure class=\"alignleft size-full\"><img loading=\"lazy\" decoding=\"async\" width=\"192\" height=\"175\" src=\"https:\/\/www.duecelli.com\/8celli\/wp-content\/uploads\/2023\/03\/Izumi-8Celli-s-w-k.jpg\" alt=\"\" class=\"wp-image-453\"\/><\/figure>\n<\/div>\n\n\n<p>Izumi Fujii\u00a0studierte in ihrer Heimatstadt Tokio, bevor sie hierzulande bei Prof.Sadao Harada und Prof. Francis Gouton ihr Studium fortsetzte. Daraufhin folgte ein Masterstudium in Alte Musik Barockcello bei Prof. Werner Matzke, welches sie mit Auszeichnung abschloss. Sie gewann verschiedene Preise und Auszeichnungen, u.a. beim Deutschen Hochschulwettbewerb in Detmold und bei der renommierten All-Japan Viva Hall Cello Competition,\u00a0dar\u00fcber hinaus war sie mehrere Jahre Stipendiatin der Rohm Music Foundation. 2014-2019 wirkte sie als Dozentin an der Musikhochschule Trossingen und seit 2020 setzt sie ihre Lehrt\u00e4tigkeit an der Musikhochschule Mannheim fort.\u00a0Zurzeit lebt und arbeitet sie im s\u00fcddeutschen Raum und ist regelm\u00e4\u00dfig deutschlandweit zu diversen Festivals und Konzertreihen eingeladen und\u00a0spielt in festen Kammermusikformationen wie dem Trio AMANE.<\/p>\n","protected":false},"excerpt":{"rendered":"<p>Izumi Fujii\u00a0studierte in ihrer Heimatstadt Tokio, bevor sie hierzulande bei Prof.Sadao Harada und Prof. Francis Gouton ihr Studium fortsetzte. Daraufhin folgte ein Masterstudium in Alte Musik Barockcello bei Prof. Werner Matzke, welches sie mit Auszeichnung abschloss. Sie gewann verschiedene Preise und Auszeichnungen, u.a. beim Deutschen Hochschulwettbewerb in Detmold und bei der renommierten All-Japan Viva Hall [&hellip;]<\/p>\n","protected":false},"author":1,"featured_media":0,"parent":0,"menu_order":0,"comment_status":"closed","ping_status":"closed","template":"","meta":{"footnotes":""},"class_list":["post-349","page","type-page","status-publish","czr-hentry"],"_links":{"self":[{"href":"https:\/\/www.duecelli.com\/8celli\/wp-json\/wp\/v2\/pages\/349","targetHints":{"allow":["GET"]}}],"collection":[{"href":"https:\/\/www.duecelli.com\/8celli\/wp-json\/wp\/v2\/pages"}],"about":[{"href":"https:\/\/www.duecelli.com\/8celli\/wp-json\/wp\/v2\/types\/page"}],"author":[{"embeddable":true,"href":"https:\/\/www.duecelli.com\/8celli\/wp-json\/wp\/v2\/users\/1"}],"replies":[{"embeddable":true,"href":"https:\/\/www.duecelli.com\/8celli\/wp-json\/wp\/v2\/comments?post=349"}],"version-history":[{"count":3,"href":"https:\/\/www.duecelli.com\/8celli\/wp-json\/wp\/v2\/pages\/349\/revisions"}],"predecessor-version":[{"id":455,"href":"https:\/\/www.duecelli.com\/8celli\/wp-json\/wp\/v2\/pages\/349\/revisions\/455"}],"wp:attachment":[{"href":"https:\/\/www.duecelli.com\/8celli\/wp-json\/wp\/v2\/media?parent=349"}],"curies":[{"name":"wp","href":"https:\/\/api.w.org\/{rel}","templated":true}]}}

<div class="wp-block-image">
<figure class="alignleft size-full"><img loading="lazy" decoding="async" width="192" height="175" src="https://www.duecelli.com/8celli/wp-content/uploads/2023/03/Izumi-8Celli-s-w-k.jpg" alt="" class="wp-image-453"/></figure>
</div>


<p>Izumi Fujii studierte in ihrer Heimatstadt Tokio, bevor sie hierzulande bei Prof.Sadao Harada und Prof. Francis Gouton ihr Studium fortsetzte. Daraufhin folgte ein Masterstudium in Alte Musik Barockcello bei Prof. Werner Matzke, welches sie mit Auszeichnung abschloss. Sie gewann verschiedene Preise und Auszeichnungen, u.a. beim Deutschen Hochschulwettbewerb in Detmold und bei der renommierten All-Japan Viva Hall Cello Competition, darüber hinaus war sie mehrere Jahre Stipendiatin der Rohm Music Foundation. 2014-2019 wirkte sie als Dozentin an der Musikhochschule Trossingen und seit 2020 setzt sie ihre Lehrtätigkeit an der Musikhochschule Mannheim fort. Zurzeit lebt und arbeitet sie im süddeutschen Raum und ist regelmäßig deutschlandweit zu diversen Festivals und Konzertreihen eingeladen und spielt in festen Kammermusikformationen wie dem Trio AMANE.</p>
